of 4 and k.
2
Let d(w) = 7*w + 1. Let m be d(-3). Let u = m + 80. Let g(h) = 3*h**2 + 6*h. Let o be g(-4). Calculate the greatest common factor of o and u.
12
Let s = -5 - -8. Suppose s*a = 8*a - 175. Calculate the greatest common factor of 5 and a.
5
Let i = 108 - 66. Let a be (0/2)/(-3 - -2). Suppose c = -3*f + 315, 0 = 5*f - a*c - 4*c - 525. Calculate the greatest common factor of i and f.
21
Suppose 5*q + 7 = u - 1, -4*q = 4*u + 16. Let a = 1 - u. Calculate the greatest common factor of 1 and a.
1
Suppose -3*a = 5*u - 978, -u - 4*u - 5*a = -970. Calculate the greatest common factor of u and 22.
22
Suppose 10*b - 204 - 66 = 0. Suppose 4*n - m - 37 = 2*n, 4*n = -m + 71. What is the greatest common divisor of n and b?
9
Let m(l) = -l**2 + 3*l - 8. Let x be m(8). Let z be (48/(-1))/(18/x). Let c = 57 + -41. Calculate the greatest common factor of z and c.
16
Suppose -3*b - 3*t + 46 = -7*t, -4*t = 2*b - 4. Suppose 2*o - 5*o + 3*d + 291 = 0, 5*d = 15. What is the highest common divisor of o and b?
10
Let l(u) = 2*u + 22. Let i be l(11). Suppose f + s = -s + i, -3*f + 100 = -2*s. Let r be -12*-3*(-2)/(-3). What is the highest common divisor of f and r?
12
Let q be (11*3)/3 + 0. Suppose -2676 - 1274 = -5*i. Let a be (-7)/(-28) - i/(-8). Calculate the greatest common factor of a and q.
11
Let c = 119 + -95. What is the greatest common divisor of 24 and c?
24
Suppose 315 = 2*r - 0*r + 3*j, -r - 2*j + 159 = 0. Suppose 111 = 15*u - 144. Calculate the highest common divisor of r and u.
17
Let q = 174 + -172. Calculate the greatest common factor of q and 16.
2
Let h be (70/21)/((-10)/(-12)). What is the greatest common factor of 10 and h?
2
Let q(f) = 7*f. Let r be q(1). Calculate the greatest common divisor of r and 7.
7
Suppose -5*h + 25 = -0. Suppose -3*w - 2*t + 135 = -0*t, 0 = 4*t. Calculate the greatest common divisor of w and h.
5
Let q = -40 + 45. What is the greatest common factor of q and 10?
5
Suppose 0 = 3*i - 13 - 2. Suppose 65 + i = 3*z - 4*g, -2*z - 3*g = -58. Suppose -w + 0 + z = 0. What is the greatest common divisor of 65 and w?
13
Let k = 100 + -71. Calculate the greatest common divisor of 203 and k.
29
Suppose 2*f = -3*f + 280. What is the highest common factor of 8 and f?
8
Suppose -j - 2*j = 0. Suppose -4*g - g + 15 = j. Suppose -3*i + 5*m = -13, -4*i + g*m + 12 = -m. Calculate the greatest common factor of i and 9.
1
Let w(n) = -n**3 - 3*n**2 - 7*n - 4. Let l be w(-4). Suppose 3*b - 40 = -b. Let i be 2/(-4)*(0 - b). Calculate the highest common factor of l and i.
5
Let l = -8 + 8. Suppose n + l*n - 8 = 0. Calculate the highest common factor of 32 and n.
8
Suppose 2*z = 2 + 18. Let s(a) = 2*a**2 - 3*a - 4. Let j be s(-4). What is the highest common factor of z and j?
10
Let m = 17 + -3. Suppose 2*c = -6 + m, -2*j - 5*c = -10. Let t = 14 + j. What is the greatest common factor of t and 6?
3
Let g(n) = -n**3 - 6*n**2 + 6*n - 2. Suppose 0 = -8*v + 3*v - 40. Let f be g(v). What is the highest common divisor of f and 52?
26
Let t(m) = m**3 - 5*m - 2. Let r be t(4). Calculate the highest common divisor of 21 and r.
21
Suppose 2*z - 5*z + 363 = 0. Calculate the greatest common divisor of 11 and z.
11
Suppose 3*g + 4*i = 282, -91 = -4*g + 4*i + 285. What is the greatest common divisor of g and 141?
47
Suppose -4*j + 19 = -17. Suppose 6 + j = -3*t. Let s be 0 - t - (3 - 5). Calculate the greatest common divisor of 1 and s.
1
Suppose -14 + 62 = 2*g. What is the greatest common divisor of g and 24?
24
Let s = -4 - -4. Suppose s = c - 6 + 1. Calculate the highest common factor of 5 and c.
5
Let c be (9/(-6)*10)/(3/(-8)). What is the highest common divisor of c and 8?
8
Suppose -9*d + 144 = -3*d. Calculate the highest common divisor of d and 16.
8
Let b be (-2)/(-2) + 28/7. Let a be 20 - 1 - (-15)/b. Calculate the greatest common factor of 22 and a.
22
Suppose y + 21 = 4*y. Let l be ((-72)/10)/(y/(-35)). Calculate the highest common divisor of l and 9.
9
Suppose a = 4*a - 18. Suppose 0 = 4*l - 0*o - o - 37, 2*o = -2*l + a. Calculate the greatest common factor of l and 32.
8
Let g = 32 + -15. Suppose 0 = 31*a - 30*a - 136. What is the highest common divisor of a and g?
17
Let o be ((-96)/10)/((-2)/15). Suppose -2*l = 5*g - 122, g - 2*g + 27 = 3*l. What is the highest common factor of o and g?
24
Let i = 10 - 23. Let l = i - -23. What is the greatest common factor of l and 40?
10
Suppose -2*m = -9 + 1. Let l be (-255)/(-9) + (-5)/15. What is the highest common factor of m and l?
4
Let g(o) = -22*o + 10. Let a be g(-3). Calculate the greatest common divisor of a and 190.
38
Suppose -4*j + 2*j = -16. What is the greatest common factor of j and 248?
8
Suppose -9 - 23 = 2*u + 2*d, -4*u + 4*d - 48 = 0. Let q be 4/u - (-51)/7. What is the highest common divisor of q and 35?
7
Let d(s) be the second derivative of -3*s + s**2 - 1/20*s**5 - 5/6*s**3 + 0 + 5/12*s**4. Let p be d(3). What is the highest common factor of 35 and p?
5
Let h(j) = -j**3 - 2*j**2 + 4*j + 3. Let o be h(-3). Let m = 6 + o. Suppose -m*l = -l - 30. Calculate the greatest common divisor of l and 15.
3
Suppose -a - 2*a = -108. Let b(j) = -2*j + 2. Suppose 3*q + 5*f = -8, 0 = -3*q - 2*f - 2 - 3. Let x be b(q). What is the greatest common factor of a and x?
4
Let y(i) = -i + 0 + i**3 + 0*i + 4*i**2 - 2. Let x be y(-4). Suppose 25 = x*h - 27. What is the greatest common factor of h and 13?
13
Let b = -5 + 1. Let i(r) = r**3 + 4*r**2 - 2*r - 5. Let h be i(b). Let q be 2/(-1 + h)*35. What is the highest common factor of 14 and q?
7
Suppose -3*a - 2*a + 60 = 0. Suppose -b + a - 4 = 0. Suppose 0 = -4*z + 8*z - b. Calculate the highest common divisor of 4 and z.
2
Suppose 0 = 11*w - 12*w + 176. What is the highest common factor of w and 16?
16
Let s(y) = y**2 + 2*y + 4. Let v be s(4). What is the greatest common divisor of 7 and v?
7
Let r be 102/15 + 3/15. Let i = -8 - -29. Suppose 0*x + i = 3*x. Calculate the highest common divisor of x and r.
7
Suppose c + 61 = 4*r, -4*r + 3*c + 76 = -c. Calculate the greatest common factor of 7 and r.
7
Let v be 16 - (-4 + 4)/(-2). What is the highest common factor of v and 20?
4
Let n be (-16)/(-6) - 4/6. Suppose l - n = 3. What is the highest common divisor of 5 and l?
5
Let m(d) = -21*d + 3. Let o be m(-1). Calculate the greatest common divisor of 8 and o.
8
Suppose -2*t + 28 = 6. Suppose -3*d = 4*a - 5*a + 138, -4*d = 3*a + 184. Let v = d - -68. What is the greatest common factor of t and v?
11
Suppose 2*a - 4*d - 120 = 112, -10 = -5*d. Suppose -5*t + 48 = -4*t. Calculate the greatest common factor of a and t.
24
Suppose 137 = 7*m - 10. Calculate the highest common factor of m and 168.
21
Suppose s + 4*k - 1 = 0, 7 - 3 = -4*k. What is the highest common divisor of s and 5?
5
Suppose -3*n = 17 - 65. Suppose 3*u + 128 = 4*u. Calculate the highest common factor of n and u.
16
Let r(k) = -6*k**2 + 5. Let n be r(4). Let u = -27 - n. What is the greatest common divisor of 8 and u?
8
Let j be 18/4*28/3. Let k be ((-24)/(-28))/(3/j). Calculate the highest common factor of 84 and k.
12
Suppose 0 = 2*u - 2*c + 6, 22 = -6*u + u - 2*c. Let v = 4 + u. Let h be -1 - (-1 + v - 9). Calculate the greatest common divisor of 45 and h.
9
Let o = 3 - 8. Suppose -5*c - 13 = -3. Let p be o*(2/(-5) + c). Calculate the highest common divisor of p and 6.
6
Let b = -2 + 7. Suppose b*d + 3*n = d + 63, -5*d = 2*n - 70. Calculate the highest common divisor of d and 6.
6
Let r = -6 + 18. What is the highest common factor of r and 108?
12
Let a be 1/2 - 0 - (-445)/10. Calculate the highest common factor of 15 and a.
15
Let z be (4 + -1)*7/3. Suppose 56 = -3*r + z*r. What is the highest common divisor of r and 35?
7
Let w = 2 - -5. Let f(m) = -4*m - 6. Let z = -13 + 8. Let y be f(z). Calculate the greatest common factor of y and w.
7
Suppose 0 = 3*w + 2*w + 2*d - 381, d = -2. Calculate the greatest common factor of 33 and w.
11
Suppose -2*t + 30 = 3*t. Let m(n) = n**2 - 3*n - 5. Let w be m(t). What is the highest common factor of w and 13?
13
Suppose 3*l = 4*z + 47, 0 = -z + 6*z + 10. Suppose -3*a = -l - 95. Suppose 0 = 5*y - 3*y - 18. Calculate the greatest common factor of a and y.
9
Let g(w) = 57*w - 10. Let q be g(2). What is the highest common factor of 8 and q?
8
Let r = 110